11) + (-26 - (39 + -68)) - -2.
15
What is 142 + 4 + (1176 - 1192)?
130
What is the value of -19 + 12 + (-1 - -14) - (-41 + 36 + -42)?
53
What is the value of (-18 - -28) + -14 + (5 - (10 - 14))?
5
What is -7 + ((-6 + -35 - -11) + 8 - -1) + 5?
-23
What is the value of 3 - 2 - (17 + -12 - -37)?
-41
Calculate (0 - 1 - -16) + -52 + 35 + 29.
27
Calculate 41 + 2 + 73 + -168.
-52
Evaluate 1 + 2 + -12 - (-3566 - -3545).
12
Calculate -55 + (-157 + 104 - (7 - 40)).
-75
What is 4 - (-29 - -74) - (-96 - -28)?
27
Calculate -14 - (50 + -12) - -30.
-22
What is 34 - ((-13 - 45) + 17)?
75
Evaluate -5850 + 5950 - (100 + -2).
2
(117 - 74) + (-1 + 2 + 3 - 14)
33
27 + 5 + -4 + -220 + 209
17
Evaluate 4 + -2 + -7 + -164 + 161 + (1 - 20).
-27
Evaluate (76 - (25 + -19)) + -22 + -24.
24
-143 + (97 - -93) - (-2 + (25 - 1))
25
5 + -17 + 43 + 27 - 10
48
(64 - (8 + -2 + 8)) + -9 - 6
35
Calculate (31 - (0 + 65)) + 67.
33
12 - (12 + -10 - -8) - (140 - (8 - 3))
-133
Evaluate 0 + 17 + (-19 - (33 + -59)) - (-3 + 8).
19
What is 192 - 173 - (3 - 6 - -57)?
-35
9 - (36 - 54 - -13) - (115 - (-1 + 3))
-99
16 - 20 - (61 + -69 - (-1 + 2))
5
Evaluate 58 - (-57 - (45 - 150)).
10
What is the value of 2759 + -2698 + 4 + 20?
85
What is the value of (-13 + 18 - 13) + 3 - ((-17 - -5) + 4)?
3
What is 541 + -565 + (21 - (3 - 5))?
-1
Evaluate -10 + 67 + (-40 - -22 - -13).
52
-178 + (186 - 70) - (-1 + 2 + -9)
-54
Evaluate (0 + 41 - (3 + -2 + 18 + -30)) + 5.
57
8 - 13 - (8 + -18) - (2 - -3)
0
Calculate (9 - -5 - (9 - (1 - -7))) + 34.
47
What is the value of (104 - (-197 + 220)) + (16 - (0 + -3))?
100
-17 + 2 + -3 + 2 + -1214 + 1333
103
What is the value of 28 - 4 - (6 + 10 + -46)?
54
Calculate 159 + -146 + -2 + -20.
-9
What is the value of -66 - (79 - 123) - (-49 - -2)?
25
What is -5 + (302 - 110 - 66)?
121
Evaluate 19 - (14 + 22) - 7 - -20.
-4
What is the value of (7242 - 7293) + 78 + -2?
25
Calculate 240 + -181 + 2 + -114.
-53
-55 + (23 + -3 - (475 - 422))
-88
(-3 - 1) + (-12 - (28 - 33)) + 68
57
What is 68 - 88 - (138 - -3) - (-23 - 0)?
-138
Calculate -4620 + 4614 - (-42 + (-5 - -3)).
38
32 - (98 + (-25 - (20 - 16)))
-37
0 + (-1 - 1) + -74 + -103 + 178
-1
What is 65 + -46 + (-5 - (-1 + 5 - 3))?
13
What is the value of 2582 - 2534 - (1 + -2 + 2 + (3 - -1))?
43
(-1 - (1 - 3)) + 1348 + -1345 - (-3 - 118)
125
What is the value of (-13 - -1) + 18 + 28 + -12 + -40?
-18
-13 + 5 - -5 - 1 - (0 - 11)
7
Evaluate 41 + -92 + 47 + -63.
-67
7 + -4 + -7 + -15 + 13 + -9
-15
Evaluate (52 - (26 - 48)) + 2 + -31.
45
What is -9 + 12 - (-14 - (-9 + 7 - -10))?
25
What is the value of (-1 - 67) + (-7 + 57 - 26)?
-44
Calculate (-91 - -46) + -3 - -13.
-35
Evaluate 181 - 99 - (1 - (7 - -11)).
99
What is -3 - ((11 - 18) + 19 + -1) - 14?
-28
What is 28 + 4 - (12 - 17)?
37
(-142 - -56 - -131) + -57
-12
Evaluate -10 + 0 + 4 + 9 + 29 + -36.
-4
Calculate -23 + 37 - (15 + -10 + 52).
-43
Evaluate 102 - (44 + -24) - (8 - -11).
63
7 + 30 + (-3 + -11 - -26)
49
What is the value of (77 - 110) + (-3 - 10) + 30?
-16
What is -22 + 43 - -8 - 64 - 60?
-95
What is the value of -54 + 37 + 6 + (103 - 128)?
-36
-7 - 2 - (38 + -99 + 37)
15
Evaluate 6 + (-4 - -11 - 6) + 0 + -44.
-37
Evaluate -8 + (-20 - -6 - 36) + 1 + 8 + -3.
-52
What is the value of 12 + (-2 + 8 - -1) + -13 + 13 + 7?
26
Calculate (-43 - -8) + 81 + (-7 - (0 - 1)).
40
Evaluate -41 - (90 + -107 + 5).
-29
-6930 + 6928 - (-7 - -4 - (87 - -1))
89
What is 32 + (-6 + -5 + 3 + 7 - (99 - 111))?
43
Calculate (-2 - -19) + (1 - 12) + -24.
-18
49 + (4 - (25 - -56))
-28
-48 - (24 - (8 + (-5 - -8)))
-61
What is the value of -8 + (-1 + 1 + 1 - (-819 + 830)) + 7?
-11
1 - -118 - (-845 - -880)
84
Evaluate 4 - -3 - (31 - 7 - -3).
-20
Calculate (-5 + (16 - 25) - (-17 + 4)) + (-6 - 4).
-11
87 + -25 + -10 - (0 + 35)
17
-50 + (72 - 43) - (-6 + 5 + -70)
50
What is the value of 23 + -6 + (11 - 71) + 0?
-43
What is 46 + (-27 - 16 - 8)?
-5
Calculate 17 + 24 + 50 + -51.
40
Calculate (6 + -17 - -15) + (-10 - -19 - -49).
62
-14 - (47 - (11 + (17 - 19)))
-52
Calculate -2 + 0 - (-4 - -88) - (30 - 54 - -11).
-73
What is 101 + -84 - (-21 + 73)?
-35
Calculate -27 + (-27 - 14) + -37.
-105
Evaluate 2 + (1 - 25) + (552 - 550).
-20
What is -20 - -63 - 45 - (3 - 4 - 75)?
74
What is 5 + (8 - 0) - (-13 + 13 - -13)?
0
6 - (-31 + 29) - 2 - 20
-14
-50 - ((7 - 79) + 9) - (-6 + 1)
18
Evaluate 18 + 11 + -20 + -1 + 2 + -30 + -10.
-30
What is (-13 - (16 - 28 - 21)) + -44?
-24
(-229 - -194) + 17 + 42
24
-844 + 818 + (12 - -3)
-11
What is (35 - (3 + 2)) + 48 + (-76 - -39)?
41
What is 7 + (-25 + -17 + 22 - (1 - 13))?
-1
50 + 0 - (0 + -2) - -3 - (56 + -65)
64
0 + 32 + -4 - -1 - (-14 - 3 - -12)
34
Evaluate -21 + (-19 - -24) + 127 + 21 - (8 + 2).
122
Calculate (-1 - 87) + 19 + (77 - 36) + -41.
-69
What is the value of 114 - 92 - (1 - -15) - -1 - 16?
-9
-1 - -3 - (-20 + (38 - 45) + 37)
-8
-4 - -4 - 4 - 9 - (8 + 27 + -42)
-6
(-1 - -67) + 349 + -370 - 16
29
What is 30 + 14 + -37 + -8?
-1
What is -26 + -1 + 27 + 0 + -41?
-41
What is -8 + -43 + 30 + 85 - (0 - (2 + 4))?
70
Evaluate (-2 - 0) + (42 - 28 - 13) - (-12 - 37).
48
Evaluate 1317 - 1281 - (3 + 48).
-15
What is the value of (-33 - (-32 - 102) - 11) + -2 + -5?
83
10 + -21 + -116 + 121
-6
Calculate -48 - (3 + (-9 - 0) + 110 + -111).
-41
Evaluate 12 + -50 + 8 + -9 + 13 + -2.
-28
What is the value of 2 + 0 + (221 - (-158 + 265))?
116
What is (-2 + -14 - (100 + -104)) + -31?
-43
(-10 - (2 - 21)) + (4 - 46) + -28 + 34
-27
Calculate (-1 - 6) + (36 - -13) - (-9 - -13 - 9).
47
What is the value of -3 - -29 - (35 - (110 + -55))?
46
What is -2 - (25 - -1) - (-104 + 141 + -44)?
-21
Calculate (10 + -21 + 17 + 8 - 6) + (0 - 31).
-23
What is 493 - 407 - (2 - (-5 + 35))?
114
Evaluate -40 + 55 + 15 + 7.
37
Calculate 8 - (13 - (5 + -1 + 4)).
3
12 + -6 - (-497 - -542)
-39
0 - ((25 + -5 - 1) + 4 - -3)
-26
Evaluate -3 - (0 + -2) - (14 + -32 + 5 + 9).
3
What is the value of (-12 - (13 + (18 - 62))) + 13?
32
What is the value of 2 - (7 - (-1 - -6 - (267 + -256)))?
-11
What is ((-13 - -32 - 12) + -3 - -5) + -5 + -2?
2
Calculate 3 - (-31 + 21 + -19 + 3).
29
What is the value of -3 - (-7 + 4 - -57) - (-143 - -154)?
-68
What is -72 + 76 + (-47 - -3)?
-40
What is the value of 17 - ((-1 - -4) + -6 + 4)?
16
What is the value of (8 - 3 - 31) + 7 - -24?
5
Evaluate (-1 + -6 - (-6 - -5)) + (-1 + 23 - 10).
6
Calculate -97 - -91 - (13 - (-3 + 3)).
-19
What is 3 - (-57 + (-49 - -70))?
39
What is (13 - (-34 - -98)) + (-8 - (-6 - -17))?
-70
Evaluate (4 - -25) + (-5 - 13 - -6 - -20).
37
What is (8 - 11) + 5 + (-40 - 0 - -27)?
-11
What is the value of (-66 - -48) + 26 + -14?
-6
Calculate 19 + -21 + -25 + 68 - (9 - (2 - 2)).
32
-10 + 0 + (2069 - 1977) - (-20 + 0)
102
-20 - ((-22 - 1) + (41 - (-40 - -70))) - 9
-17
What is the value of (-25 - (6 + 32) - -12) + 3 + -1?
-49
8 - (-5 - (20 + -21 - -5))
17
(21 - (43 + -64)) + -2
40
-50 + 32 + 110 - -34 - 28
98
What is -43 - -7 - (7 + 2 - (24 + -26) - 4)?
-43
Calculate -200 + 218 + (-3 - 0).
15
Calculate -19 - (118 - 109 - (-8 + -2)).
-38
Evaluate 4 + (87 - (-31 - -63)).
59
-3 + 2 - ((161 - 231) + 25)
44
What is 7 - (38 + 19 + 8 + (-6 - 13))?
-39
What is the value of (-20 - -7) + 3 - (-25 - ((-10 - -18) + 1))?
24
What is -46 - (-54 + -43 - -135)?
-84
What is the value of (23 - 18) + -34 - -4?
-25
0 + 13 + (-30 - 32 - -40) + 57
48
What is the value of -51 + (-78 - -129) - 59?
-59
Evaluate 4 + (-14 + 10 - 30) + 14 - -91.
75
What is -9 + 7 + -65 + 66 + (-21 - 4) + -2?
-28
What is the value of -125 - (-47 - -8) - 23 - -4?
-105
Calculate -35 + 19 + -22 + (78 - 60).
-20
Evaluate 26 - (104 - (-115 - -203)).
10
Calculate -419 + 522 + (-65 - 2).
36
Calculate -41 + (-5 + 14 - (18 + -16 - (3 - 4))).
-35
What is 2 - -67 - (35 + (18 - 42 - -4))?
54
Calculate (-2 - 38 - 2) + (-18 - (-4 - 12)).
-44
What is -39 - ((-20 - -20) + -6 - -17)?
-50
Evaluate -7 + (10 + -13 - (1 - 19)) - (-1 + 12).
-3
What is 58 - (-3 + 16 + -1 + (24 - (32 + 4)))?
58
Evaluate 71 + (-17 - 2) - (-14 - (-3 - 6)).
57
What is -283 + 257 - (-1 + 5) - -26?
-4
What is 9 + -17 + 47 - (1 - 18)?
56
Calculate 133 + -97 - (27 + -20).
29
Calculate 26 + -112 + (180 - 84).
10
What is -10 + 514 + -539 + (-1 + 3 - (-4 + 16))?
-45
What is the value of -16 + 17 + -18 + 6 + -20?
-31
(45 - -5) + -85 + 99
64
What is 112 - -1 - -1 - (434 -